r when 353298 is divided by 28.
22
Calculate the remainder when 5537 is divided by 1336.
193
Calculate the remainder when 2085 is divided by 971.
143
Calculate the remainder when 75112 is divided by 211.
207
Calculate the remainder when 85532 is divided by 22.
18
Calculate the remainder when 36380 is divided by 543.
542
What is the remainder when 3730 is divided by 63?
13
What is the remainder when 2939 is divided by 327?
323
What is the remainder when 5616 is divided by 90?
36
Calculate the remainder when 5649557 is divided by 14.
11
Calculate the remainder when 54183 is divided by 189.
129
What is the remainder when 439 is divided by 395?
44
What is the remainder when 14485 is divided by 158?
107
Calculate the remainder when 5584 is divided by 929.
10
What is the remainder when 12831 is divided by 32?
31
Calculate the remainder when 11702 is divided by 740.
602
Calculate the remainder when 603663 is divided by 67072.
15
Calculate the remainder when 4135668 is divided by 1441.
1439
What is the remainder when 13761 is divided by 1688?
257
What is the remainder when 714408 is divided by 359?
357
What is the remainder when 22567 is divided by 185?
182
What is the remainder when 7068 is divided by 471?
3
What is the remainder when 763076 is divided by 120?
116
What is the remainder when 363417 is divided by 15?
12
What is the remainder when 64120 is divided by 41?
37
Calculate the remainder when 102322 is divided by 127.
87
Calculate the remainder when 154964 is divided by 676.
160
What is the remainder when 213839 is divided by 578?
557
Calculate the remainder when 119463 is divided by 274.
273
What is the remainder when 61421 is divided by 3610?
51
What is the remainder when 33515 is divided by 33514?
1
Calculate the remainder when 26754 is divided by 5349.
9
Calculate the remainder when 12970 is divided by 998.
994
What is the remainder when 1205 is divided by 584?
37
What is the remainder when 51747 is divided by 575?
572
What is the remainder when 2169662 is divided by 668?
666
What is the remainder when 22810 is divided by 101?
85
What is the remainder when 153415 is divided by 72?
55
Calculate the remainder when 4246 is divided by 1401.
43
Calculate the remainder when 263554 is divided by 1080.
34
Calculate the remainder when 1162 is divided by 1156.
6
What is the remainder when 3618 is divided by 1690?
238
Calculate the remainder when 2132 is divided by 418.
42
Calculate the remainder when 7403 is divided by 3660.
83
What is the remainder when 511 is divided by 155?
46
Calculate the remainder when 3189 is divided by 3139.
50
What is the remainder when 65828 is divided by 4700?
28
Calculate the remainder when 44624 is divided by 4.
0
Calculate the remainder when 12425 is divided by 6201.
23
Calculate the remainder when 15873 is divided by 84.
81
What is the remainder when 171020 is divided by 85510?
0
Calculate the remainder when 1954 is divided by 89.
85
What is the remainder when 403080 is divided by 24?
0
What is the remainder when 698 is divided by 174?
2
Calculate the remainder when 206875 is divided by 14776.
11
What is the remainder when 58534 is divided by 73?
61
Calculate the remainder when 7140 is divided by 1784.
4
Calculate the remainder when 626122 is divided by 42.
28
Calculate the remainder when 442737 is divided by 115.
102
What is the remainder when 3083 is divided by 382?
27
Calculate the remainder when 1088 is divided by 359.
11
What is the remainder when 63534 is divided by 6?
0
What is the remainder when 39931 is divided by 64?
59
Calculate the remainder when 28416 is divided by 13.
11
Calculate the remainder when 9731 is divided by 34.
7
Calculate the remainder when 189121 is divided by 14.
9
What is the remainder when 539756 is divided by 58?
8
What is the remainder when 18578 is divided by 502?
4
Calculate the remainder when 16460 is divided by 49.
45
Calculate the remainder when 2735 is divided by 49.
40
What is the remainder when 4532 is divided by 3821?
711
What is the remainder when 99029 is divided by 294?
245
Calculate the remainder when 3750 is divided by 188.
178
Calculate the remainder when 162651 is divided by 16264.
11
Calculate the remainder when 5643 is divided by 834.
639
What is the remainder when 723138 is divided by 11?
9
What is the remainder when 7636 is divided by 253?
46
Calculate the remainder when 2958 is divided by 295.
8
What is the remainder when 50768 is divided by 21?
11
Calculate the remainder when 873752 is divided by 109.
8
What is the remainder when 3181321 is divided by 214?
211
Calculate the remainder when 2805753 is divided by 7.
6
Calculate the remainder when 2502 is divided by 182.
136
What is the remainder when 6783 is divided by 14?
7
Calculate the remainder when 67418 is divided by 5617.
14
What is the remainder when 18121 is divided by 4529?
5
Calculate the remainder when 12815 is divided by 207.
188
Calculate the remainder when 62286 is divided by 70.
56
Calculate the remainder when 19113 is divided by 2620.
773
Calculate the remainder when 9413 is divided by 725.
713
Calculate the remainder when 53950 is divided by 99.
94
What is the remainder when 164871 is divided by 37?
36
Calculate the remainder when 19822 is divided by 76.
62
What is the remainder when 34277 is divided by 23?
7
Calculate the remainder when 15509 is divided by 388.
377
Calculate the remainder when 1133 is divided by 191.
178
What is the remainder when 252709 is divided by 63177?
1
What is the remainder when 126249 is divided by 56?
25
What is the remainder when 422279 is divided by 136?
135
Calculate the remainder when 9484 is divided by 364.
20
Calculate the remainder when 74044 is divided by 1728.
1468
Calculate the remainder when 53427 is divided by 39.
36
Calculate the remainder when 3089 is divided by 23.
7
What is the remainder when 6576 is divided by 47?
43
Calculate the remainder when 104022 is divided by 9.
0
What is the remainder when 23831 is divided by 2282?
1011
Calculate the remainder when 1102433 is divided by 15.
8
What is the remainder when 59836 is divided by 29894?
48
Calculate the remainder when 158049 is divided by 49.
24
What is the remainder when 22223 is divided by 15?
8
What is the remainder when 248737 is divided by 398?
385
What is the remainder when 277 is divided by 135?
7
What is the remainder when 14896 is divided by 3723?
4
Calculate the remainder when 210040 is divided by 126.
124
What is the remainder when 123418 is divided by 242?
240
What is the remainder when 3558 is divided by 505?
23
Calculate the remainder when 6562 is divided by 1875.
937
What is the remainder when 4296 is divided by 123?
114
Calculate the remainder when 519 is divided by 135.
114
Calculate the remainder when 175586 is divided by 90.
86
Calculate the remainder when 11566 is divided by 61.
37
What is the remainder when 13208 is divided by 2042?
956
Calculate the remainder when 9264 is divided by 161.
87
What is the remainder when 572015 is divided by 286003?
9
Calculate the remainder when 4661 is divided by 41.
28
Calculate the remainder when 31121 is divided by 1000.
121
Calculate the remainder when 59850 is divided by 14954.
34
Calculate the remainder when 139157 is divided by 239.
59
What is the remainder when 5165651 is divided by 754?
751
What is the remainder when 2287 is divided by 120?
7
Calculate the remainder when 706 is divided by 619.
87
What is the remainder when 5310 is divided by 140?
130
Calculate the remainder when 98777 is divided by 101.
100
What is the remainder when 113814 is divided by 221?
220
Calculate the remainder when 16276 is divided by 74.
70
Calculate the remainder when 338 is divided by 25.
13
What is the remainder when 23651 is divided by 215?
1
Calculate the remainder when 27410 is divided by 3.
2
Calculate the remainder when 3724 is divided by 534.
520
What is the remainder when 6221 is divided by 153?
101
Calculate the remainder when 16892 is divided by 2410.
22
Calculate the remainder when 2969198 is divided by 104.
102
Calculate the remainder when 3596 is divided by 144.
140
Calculate the remainder when 25612 is divided by 3176.
204
Calculate the remainder when 5105 is divided by 782.
413
Calculate the remainder when 88479 is divided by 606.
3
What is the 